{"id":940,"date":"2024-09-26T16:15:04","date_gmt":"2024-09-26T19:15:04","guid":{"rendered":"https:\/\/ccbs.uepa.br\/saudedigital\/?page_id=940"},"modified":"2024-09-26T16:15:04","modified_gmt":"2024-09-26T19:15:04","slug":"940-2","status":"publish","type":"page","link":"https:\/\/ccbs.uepa.br\/saudedigital\/940-2\/","title":{"rendered":""},"content":{"rendered":"\n<div class=\"wp-block-media-text is-stacked-on-mobile\" style=\"grid-template-columns:25% auto\"><figure class=\"wp-block-media-text__media\"><img loading=\"lazy\" decoding=\"async\" width=\"485\" height=\"1024\" src=\"https:\/\/ccbs.uepa.br\/saudedigital\/wp-content\/uploads\/2024\/09\/WhatsApp-Image-2024-09-25-at-18.31.45-485x1024.jpeg\" alt=\"\" class=\"wp-image-942 size-full\" srcset=\"https:\/\/ccbs.uepa.br\/saudedigital\/wp-content\/uploads\/2024\/09\/WhatsApp-Image-2024-09-25-at-18.31.45-485x1024.jpeg 485w, https:\/\/ccbs.uepa.br\/saudedigital\/wp-content\/uploads\/2024\/09\/WhatsApp-Image-2024-09-25-at-18.31.45-142x300.jpeg 142w, https:\/\/ccbs.uepa.br\/saudedigital\/wp-content\/uploads\/2024\/09\/WhatsApp-Image-2024-09-25-at-18.31.45-728x1536.jpeg 728w, https:\/\/ccbs.uepa.br\/saudedigital\/wp-content\/uploads\/2024\/09\/WhatsApp-Image-2024-09-25-at-18.31.45.jpeg 758w\" sizes=\"auto, (max-width: 485px) 100vw, 485px\" \/><\/figure><div class=\"wp-block-media-text__content\">\n<p><\/p>\n\n\n\n<div class=\"wp-block-uagb-info-box uagb-block-c2ec9933 uagb-infobox__content-wrap  uagb-infobox-icon-above-title uagb-infobox-image-valign-top\"><div class=\"uagb-ifb-content\"><div class=\"uagb-ifb-icon-wrap\"><svg xmlns=\"https:\/\/www.w3.org\/2000\/svg\" viewBox=\"0 0 512 512\"><path d=\"M0 256C0 114.6 114.6 0 256 0C397.4 0 512 114.6 512 256C512 397.4 397.4 512 256 512C114.6 512 0 397.4 0 256zM371.8 211.8C382.7 200.9 382.7 183.1 371.8 172.2C360.9 161.3 343.1 161.3 332.2 172.2L224 280.4L179.8 236.2C168.9 225.3 151.1 225.3 140.2 236.2C129.3 247.1 129.3 264.9 140.2 275.8L204.2 339.8C215.1 350.7 232.9 350.7 243.8 339.8L371.8 211.8z\"><\/path><\/svg><\/div><div class=\"uagb-ifb-title-wrap\"><h3 class=\"uagb-ifb-title\"><strong>Reuni\u00e3o em Santa B\u00e1rbara &#8211; PA: Ades\u00e3o ao Projeto Sa\u00fade Digital CCBS<\/strong><br><\/h3><\/div><p class=\"uagb-ifb-desc\">Na \u00faltima reuni\u00e3o realizada em Santa B\u00e1rbara &#8211; PA, a Secret\u00e1ria de Sa\u00fade Dyene Cristina Jardim e a Coordenadora de Planejamento Rosa de F\u00e1tima Carvalho, anunciaram a ades\u00e3o ao projeto Sa\u00fade Digital CCBS. Essa iniciativa representa um marco significativo para a melhoria da sa\u00fade p\u00fablica no munic\u00edpio, trazendo uma s\u00e9rie de benef\u00edcios que transformar\u00e3o a maneira como os servi\u00e7os de sa\u00fade s\u00e3o prestados \u00e0 popula\u00e7\u00e3o.<br><strong>Benef\u00edcios da Ades\u00e3o ao Projeto Sa\u00fade Digital CCBS<\/strong><br><strong>Acesso Facilitado aos Servi\u00e7os de Sa\u00fade<\/strong>: A digitaliza\u00e7\u00e3o dos servi\u00e7os permitir\u00e1 que os cidad\u00e3os acessem informa\u00e7\u00f5es e agendamentos de consultas de forma mais r\u00e1pida e eficiente, reduzindo filas e tempo de espera.<br><strong>Integra\u00e7\u00e3o de Dados<\/strong>: O projeto possibilitar\u00e1 a integra\u00e7\u00e3o de informa\u00e7\u00f5es entre diferentes unidades de sa\u00fade, garantindo que profissionais tenham acesso a um hist\u00f3rico completo do paciente, o que melhora a qualidade do atendimento.<br><strong>Teleconsulta<\/strong>: Com a ado\u00e7\u00e3o de plataformas de teleconsulta, os moradores poder\u00e3o realizar consultas online, aumentando o acesso a especialistas e reduzindo a necessidade de deslocamentos.<br><strong>Educa\u00e7\u00e3o em Sa\u00fade<\/strong>: A iniciativa inclui programas de educa\u00e7\u00e3o em sa\u00fade digital, que visam informar e capacitar a popula\u00e7\u00e3o sobre preven\u00e7\u00e3o de doen\u00e7as e cuidados com a sa\u00fade.<br><strong>Efici\u00eancia e Agilidade na Gest\u00e3o<\/strong>: O uso de ferramentas digitais facilitar\u00e1 a gest\u00e3o de dados e recursos, resultando em uma administra\u00e7\u00e3o p\u00fablica mais eficiente e transparente.<br>A ades\u00e3o ao projeto Sa\u00fade Digital CCBS \u00e9 um passo importante rumo \u00e0 moderniza\u00e7\u00e3o da sa\u00fade em Santa B\u00e1rbara, refletindo o compromisso da gest\u00e3o municipal em oferecer um atendimento de qualidade \u00e0 popula\u00e7\u00e3o. Com essa iniciativa, esperamos construir um sistema de sa\u00fade mais integrado, acess\u00edvel e eficaz, beneficiando todos os cidad\u00e3os.<br>Estamos ansiosos para ver os frutos dessa parceria e a transforma\u00e7\u00e3o que ela trar\u00e1 para nossa comunidade!<\/p><\/div><\/div>\n<\/div><\/div>\n","protected":false},"excerpt":{"rendered":"","protected":false},"author":2,"featured_media":0,"parent":0,"menu_order":0,"comment_status":"closed","ping_status":"closed","template":"","meta":{"_uag_custom_page_level_css":"","site-sidebar-layout":"default","site-content-layout":"","ast-site-content-layout":"","site-content-style":"default","site-sidebar-style":"default","ast-global-header-display":"","ast-banner-title-visibility":"","ast-main-header-display":"","ast-hfb-above-header-display":"","ast-hfb-below-header-display":"","ast-hfb-mobile-header-display":"","site-post-title":"","ast-breadcrumbs-content":"","ast-featured-img":"","footer-sml-layout":"","theme-transparent-header-meta":"","adv-header-id-meta":"","stick-header-meta":"","header-above-stick-meta":"","header-main-stick-meta":"","header-below-stick-meta":"","astra-migrate-meta-layouts":"default","ast-page-background-enabled":"default","ast-page-background-meta":{"desktop":{"background-color":"var(--ast-global-color-4)","background-image":"","background-repeat":"repeat","background-position":"center center","background-size":"auto","background-attachment":"scroll","background-type":"","background-media":"","overlay-type":"","overlay-color":"","overlay-gradient":""},"tablet":{"background-color":"","background-image":"","background-repeat":"repeat","background-position":"center center","background-size":"auto","background-attachment":"scroll","background-type":"","background-media":"","overlay-type":"","overlay-color":"","overlay-gradient":""},"mobile":{"background-color":"","background-image":"","background-repeat":"repeat","background-position":"center center","background-size":"auto","background-attachment":"scroll","background-type":"","background-media":"","overlay-type":"","overlay-color":"","overlay-gradient":""}},"ast-content-background-meta":{"desktop":{"background-color":"var(--ast-global-color-5)","background-image":"","background-repeat":"repeat","background-position":"center center","background-size":"auto","background-attachment":"scroll","background-type":"","background-media":"","overlay-type":"","overlay-color":"","overlay-gradient":""},"tablet":{"background-color":"var(--ast-global-color-5)","background-image":"","background-repeat":"repeat","background-position":"center center","background-size":"auto","background-attachment":"scroll","background-type":"","background-media":"","overlay-type":"","overlay-color":"","overlay-gradient":""},"mobile":{"background-color":"var(--ast-global-color-5)","background-image":"","background-repeat":"repeat","background-position":"center center","background-size":"auto","background-attachment":"scroll","background-type":"","background-media":"","overlay-type":"","overlay-color":"","overlay-gradient":""}},"footnotes":""},"class_list":["post-940","page","type-page","status-publish","hentry"],"uagb_featured_image_src":{"full":false,"thumbnail":false,"medium":false,"medium_large":false,"large":false,"1536x1536":false,"2048x2048":false},"uagb_author_info":{"display_name":"hugo","author_link":"https:\/\/ccbs.uepa.br\/saudedigital\/author\/hugo-conteuepa-br\/"},"uagb_comment_info":0,"uagb_excerpt":null,"_links":{"self":[{"href":"https:\/\/ccbs.uepa.br\/saudedigital\/wp-json\/wp\/v2\/pages\/940","targetHints":{"allow":["GET"]}}],"collection":[{"href":"https:\/\/ccbs.uepa.br\/saudedigital\/wp-json\/wp\/v2\/pages"}],"about":[{"href":"https:\/\/ccbs.uepa.br\/saudedigital\/wp-json\/wp\/v2\/types\/page"}],"author":[{"embeddable":true,"href":"https:\/\/ccbs.uepa.br\/saudedigital\/wp-json\/wp\/v2\/users\/2"}],"replies":[{"embeddable":true,"href":"https:\/\/ccbs.uepa.br\/saudedigital\/wp-json\/wp\/v2\/comments?post=940"}],"version-history":[{"count":1,"href":"https:\/\/ccbs.uepa.br\/saudedigital\/wp-json\/wp\/v2\/pages\/940\/revisions"}],"predecessor-version":[{"id":943,"href":"https:\/\/ccbs.uepa.br\/saudedigital\/wp-json\/wp\/v2\/pages\/940\/revisions\/943"}],"wp:attachment":[{"href":"https:\/\/ccbs.uepa.br\/saudedigital\/wp-json\/wp\/v2\/media?parent=940"}],"curies":[{"name":"wp","href":"https:\/\/api.w.org\/{rel}","templated":true}]}}